8811?
-87c8
In base 6, what is 525304 + 3?
525311
In base 6, what is -4 - -1203401?
1203353
In base 10, what is 12528 - -13?
12541
In base 3, what is -200210201 + 121?
-200210010
In base 10, what is -5590 - -282?
-5308
In base 15, what is -e317 - -48?
-e2be
In base 6, what is -1114002 + -5?
-1114011
In base 13, what is b - -501?
50c
In base 2, what is 1000111 - 1110100110?
-1101011111
In base 9, what is 3 - 47170?
-47166
In base 9, what is -1 + 2258142?
2258141
In base 12, what is -8b3 - 10?
-903
In base 2, what is -1101111101110 - 10111001?
-1110010100111
In base 16, what is 37ba - -14?
37ce
In base 8, what is -123 - -6637?
6514
In base 5, what is 23312 - 34?
23223
In base 4, what is 1223203 - 20332?
1202211
In base 16, what is 0 - -268a3?
268a3
In base 3, what is 1101022120 + -101?
1101022012
In base 14, what is 90 + 492?
542
In base 11, what is -5 + -164a0?
-164a5
In base 2, what is -10 - 1110100111101000?
-1110100111101010
In base 13, what is 16068 - 6?
16062
In base 7, what is -5 - -131304?
131266
In base 13, what is 8 - 1629b?
-16293
In base 13, what is 135 + -22?
113
In base 12, what is -5 + -4310?
-4315
In base 14, what is 6 - 5247?
-5241
In base 3, what is 112120102 - -11112?
112201221
In base 13, what is 2 + b63b?
b640
In base 4, what is 13002331031 + -1?
13002331030
In base 6, what is 4 + 253523?
253531
In base 5, what is -24 + -120124?
-120203
In base 13, what is -2c196 + 5?
-2c191
In base 15, what is 0 + 19b6?
19b6
In base 2, what is 10011 - 100000011?
-11110000
In base 16, what is 71 - 673?
-602
In base 10, what is -1 - 573857?
-573858
In base 9, what is 6 + 8218?
8225
In base 9, what is 171046 + -14?
171032
In base 16, what is 4 + -378c1?
-378bd
In base 3, what is 2022 + -121111100?
-121102001
In base 12, what is -2 + -301004?
-301006
In base 16, what is -6 + 81a11?
81a0b
In base 15, what is 1a7 - 57?
150
In base 7, what is -3012 - -1214?
-1465
In base 15, what is 37de0 - 4?
37ddb
In base 12, what is -6bb + 2?
-6b9
In base 3, what is -12 - 21100121121?
-21100121210
In base 8, what is 5 + 35654?
35661
In base 4, what is -3221121 + -11?
-3221132
In base 13, what is 3ba - ca3?
-8b6
In base 4, what is 1113 - 13103201?
-13102022
In base 16, what is 25 + 1f8?
21d
In base 14, what is -15a2 + -94?
-1656
In base 7, what is 0 - -30354?
30354
In base 15, what is a5 - -a648?
a6ed
In base 16, what is -5 + -e844?
-e849
In base 11, what is 1 - 1a42?
-1a41
In base 14, what is 7 + 57da0?
57da7
In base 9, what is 4 - 38327?
-38323
In base 10, what is 179412 + 3?
179415
In base 3, what is 10 - 10002111?
-10002101
In base 13, what is 2 - -3187?
3189
In base 3, what is -10 + -2101201212022?
-2101201212102
In base 10, what is 603 + 145?
748
In base 15, what is 1ed - -ec?
2ea
In base 13, what is c + 285a?
2869
In base 2, what is -1100010 + -11010110000110?
-11010111101000
In base 7, what is -424 + -23105?
-23532
In base 3, what is 102 + -12221201112?
-12221201010
In base 13, what is 2 + a307?
a309
In base 5, what is 101 + 32410?
33011
In base 16, what is 9e91 - 1d?
9e74
In base 11, what is 156a9 - -5?
15703
In base 10, what is 4 - 51333?
-51329
In base 12, what is -1 + 57057?
57056
In base 13, what is 20 + 68a84?
68aa4
In base 4, what is -1003 + 11222?
10213
In base 4, what is 1313133200 + 3?
1313133203
In base 9, what is -62581 - 4?
-62585
In base 11, what is -6 + 12757?
12751
In base 8, what is -364242 + -3?
-364245
In base 7, what is -266623 - -2?
-266621
In base 12, what is 1 - 99274?
-99273
In base 10, what is -172 + -121?
-293
In base 7, what is -3066006 + 0?
-3066006
In base 16, what is -3 - 17a1?
-17a4
In base 13, what is -5b97 - -113?
-5a84
In base 5, what is -4 + 23202032?
23202023
In base 6, what is -102224 + -3?
-102231
In base 5, what is -12404 - -3031?
-4323
In base 4, what is -3100011222 - 1?
-3100011223
In base 3, what is 100122120 - -111?
100200001
In base 15, what is -2 - 7268?
-726a
In base 3, what is -2100 - -100001?
20201
In base 12, what is -3 + 122171?
12216a
In base 2, what is -1101100100000 + -10000?
-1101100110000
In base 11, what is -4 - -42a?
426
In base 11, what is -30497 - -5?
-30492
In base 16, what is -e1 - 4cc?
-5ad
In base 9, what is 6 + -2218?
-2212
In base 3, what is 1001212202 + -2?
1001212200
In base 4, what is -33 - 312130?
-312223
In base 10, what is -19 - -163186?
163167
In base 8, what is -234006 + -1?
-234007
In base 8, what is 72 - 27273?
-27201
In base 6, what is 0 - -405414?
405414
In base 14, what is -847d - 71?
-8510
In base 5, what is -4202 + 4434?
232
In base 8, what is -103244 - 1?
-103245
In base 16, what is -1f9 - -20c5?
1ecc
In base 11, what is -8557 - -425?
-8132
In base 9, what is -315705 + 0?
-315705
In base 15, what is -7417 - -12?
-7405
In base 12, what is 587 + ab6?
1481
In base 9, what is -605 - 12?
-617
In base 8, what is 471354 + 4?
471360
In base 15, what is -3849 - 5?
-384e
In base 4, what is -10 + 331312211?
331312201
In base 3, what is -102100 - -12210110?
12101010
In base 10, what is -420921 - 1?
-420922
In base 6, what is -5 + 510213?
510204
In base 12, what is -4ab + -658?
-b47
In base 10, what is -21 - 161768?
-161789
In base 5, what is -1133 + 101142?
100004
In base 13, what is 61552 + -17?
61538
In base 9, what is -415342 - -5?
-415336
In base 11, what is 466 - 1738?
-1282
In base 10, what is 5 - -2964?
2969
In base 13, what is 192b + 32?
1960
In base 8, what is 17 + 107027?
107046
In base 4, what is 11 + -10132022?
-10132011
In base 16, what is 33 + 456?
489
In base 13, what is 31a6c - 5?
31a67
In base 10, what is 96006 - -3?
96009
In base 6, what is -43 - 234213?
-234300
In base 5, what is 3 - 104441312?
-104441304
In base 13, what is -261c + -33?
-2652
In base 6, what is -24524314 - 2?
-24524320
In base 5, what is 1020 + -433?
32
In base 9, what is 20336 + 3?
20340
In base 7, what is -10 - 20054?
-20064
In base 8, what is 1211730 - 4?
1211724
In base 12, what is 3 - 234?
-231
In base 3, what is 10101 - -2221201010?
2221211111
In base 13, what is 3 - 29b65?
-29b62
In base 13, what is 7 - 4cc26?
-4cc1c
In base 9, what is 221767 - -3?
221771
In base 3, what is -1211000 + -112?
-1211112
In base 7, what is -10 - 1213331?
-1213341
In base 12, what is 5b4b - 7?
5b44
In base 3, what is 11 + 120100111210?
120100111221
In base 2, what is 1111011011 + 10?
1111011101
In base 15, what is 14 - 10373?
-1035e
In base 16, what is 34a01 - 3?
349fe
In base 3, what is -201220 - -100002101?
22100111
In base 7, what is 0 + -55244?
-55244
In base 13, what is -4 + c86?
c82
In base 8, what is 44430 - -37?
44467
In base 13, what is -28c0c5 + 5?
-28c0c0
In base 5, what is -211420 + -1143?
-213113
In base 12, what is -5 - 1a54?
-1a59
In base 9, what is 1 + 345143?
345144
In base 9, what is -123 + 431?
307
In base 2, what is -10 + -100001110100011011?
-100001110100011101
In base 4, what is 222313220 + -3?
222313211
In base 11, what is -3 + 249a7?
249a4
In base 5, what is -42342 + 1003?
-41334
In base 8, what is 2 + -472204?
-472202
In base 15, what is -1c1e4 + 5?
-1c1de
In base 11, what is 34a0 - -1?
34a1
In base 16, what is 1a40 - 84?
19bc
In base 4, what is -2132 + 11?
-2121
In base 7, what is 5 + -362354?
-362346
In base 15, what is -21b5 - 11?
-21c6
In base 16, what is -dd2f + 4?
-dd2b
In base 12, what is 1b + a10?
a2b
In base 14, what is 130 + -236?
-106
In base 16, what is -355 + -1993?
-1ce8
In base 6, what is -1112455 + 23?
-1112432
In base 7, what is 63621 + 0?
63621
In base 4, what is -2220321003 - 12?
-2220321021
In base 2, what is 111100010111 + -10011010?
111001111101
In base 15, what is 17a16 - 1?
17a15
In base 15, what is 29e08 - d?
29dea
In base 2, what is -1010011011011000110 - 1?
-1010011011011000111
In base 9, what is -7270 + -23?
-7303
In base 15, what is -4d9b + 15?
-4d86
In base 4, what is -132 - -123102?
122310
In base 10, what is 2910954 + -5?
2910949
In base 5, what is 10 + 1004241?
1004301
In base 10, what is 12 + -21652?
-21640
In base 15, what is 788 - 3?
785
In base 11, what is 3 - -a54131?
a54134
In base 16, what is 9 - 155fe?
-155f5
In base 6, what is 1154 - -4335?
5533
In base 5, what is 104 + 2010323?
2010432
In base 5, what is 13230 - -2330?
21110
In base 16, what is c + -4edf1?
-4ede5
In base 8, what is -107 - -6136?
6027
In base 10, what is -2 - -15071?
15069
In ba